{"id":471,"date":"2018-08-03T05:43:59","date_gmt":"2018-08-03T05:43:59","guid":{"rendered":"https:\/\/demo.wptravelengine.com\/travel-booking-pro-onepage\/?page_id=471"},"modified":"2025-05-06T22:52:23","modified_gmt":"2025-05-06T20:52:23","slug":"viaggi","status":"publish","type":"page","link":"https:\/\/turismo.globalformsrl.it\/index.php\/viaggi\/","title":{"rendered":"Viaggi"},"content":{"rendered":"\n<h2 class=\"wp-block-heading\">Scopri la Campania: un viaggio che parla di te<\/h2>\n\n\n\n<p>In Campania ogni viaggio diventa un\u2019esperienza autentica, tra sapori intensi, paesaggi mozzafiato e storie che emozionano. Che tu voglia un weekend romantico, un\u2019avventura in famiglia o una fuga rigenerante, troverai la proposta perfetta tra i nostri pacchetti selezionati: soggiorni brevi, tour culturali, esperienze enogastronomiche e attivit\u00e0 nella natura, tutto organizzato con partner certificati.<\/p>\n\n\n\n<h2 class=\"wp-block-heading\">Viaggia secondo il tuo stile<\/h2>\n\n\n\n<p>Dal fascino di Pompei alla quiete dei borghi, dalle vigne del Sannio ai sentieri del Cilento, ogni itinerario si adatta ai tuoi desideri. Famiglie, amanti del gusto, esploratori o chi cerca relax: ogni esperienza \u00e8 pensata su misura per te.<\/p>\n\n\n\n<h2 class=\"wp-block-heading\">Personalizza il tuo viaggio<\/h2>\n\n\n\n<p>Hai in mente un\u2019idea precisa? Il nostro team costruir\u00e0 per te un itinerario su misura, combinando destinazioni, attivit\u00e0 e budget. Perch\u00e9 in Campania, il viaggio \u00e8 davvero il tuo.<\/p>\n\n\n\n\n","protected":false},"excerpt":{"rendered":"<p>Scopri la Campania: un viaggio che parla di te In Campania ogni viaggio diventa un\u2019esperienza autentica, tra sapori intensi, paesaggi mozzafiato e storie che emozionano. Che tu voglia un weekend &hellip; <\/p>\n","protected":false},"author":1,"featured_media":0,"parent":0,"menu_order":0,"comment_status":"closed","ping_status":"closed","template":"templates\/template-trip-listing.php","meta":{"footnotes":""},"class_list":["post-471","page","type-page","status-publish","hentry","latest_post"],"_links":{"self":[{"href":"https:\/\/turismo.globalformsrl.it\/index.php\/wp-json\/wp\/v2\/pages\/471","targetHints":{"allow":["GET"]}}],"collection":[{"href":"https:\/\/turismo.globalformsrl.it\/index.php\/wp-json\/wp\/v2\/pages"}],"about":[{"href":"https:\/\/turismo.globalformsrl.it\/index.php\/wp-json\/wp\/v2\/types\/page"}],"author":[{"embeddable":true,"href":"https:\/\/turismo.globalformsrl.it\/index.php\/wp-json\/wp\/v2\/users\/1"}],"replies":[{"embeddable":true,"href":"https:\/\/turismo.globalformsrl.it\/index.php\/wp-json\/wp\/v2\/comments?post=471"}],"version-history":[{"count":9,"href":"https:\/\/turismo.globalformsrl.it\/index.php\/wp-json\/wp\/v2\/pages\/471\/revisions"}],"predecessor-version":[{"id":1289,"href":"https:\/\/turismo.globalformsrl.it\/index.php\/wp-json\/wp\/v2\/pages\/471\/revisions\/1289"}],"wp:attachment":[{"href":"https:\/\/turismo.globalformsrl.it\/index.php\/wp-json\/wp\/v2\/media?parent=471"}],"curies":[{"name":"wp","href":"https:\/\/api.w.org\/{rel}","templated":true}]}}